c*j(g) + 5*p(g). Calculate u(6).
-7
Let l = -50 - -70. Let z = 21 - l. Let x(f) be the third derivative of -7*f**5/60 - f**4/24 + f**3/6 + 4*f**2. Determine x(z).
-7
Let g(k) = 3*k**3 - 2*k**2 - 4. Let x be g(2). Let j(y) = y + x + 0*y - 1 - 2*y. What is j(9)?
2
Let l be -4*(14/(-4) + 3). Suppose 2*b + 3*y = 19, l*b - 2*y - 7 = -y. Let u(z) = -3*z + 6. Calculate u(b).
-9
Let f(t) = -3*t**2 + 16*t - 24. Let k(c) = -4*c**2 + 23*c - 36. Let a(z) = -7*f(z) + 5*k(z). Calculate a(-7).
16
Suppose 19 = -t - 4*i, 5*t + 43 = t - 5*i. Let w be (t/((-21)/(-2)))/((-2)/9). Let x(c) = c**2 - 2*c + 1. Calculate x(w).
4
Let k(p) = 125*p + 16 - 4 + 134*p - 258*p. Determine k(-10).
2
Let j(p) = -6*p - 7. Let s(o) = -4*o - 2. Let h(x) = 3*j(x) - 5*s(x). Give h(13).
15
Let i(y) = -y**2 + 8*y - 4. Suppose -5*h - 49 = 146. Let p = 45 + h. Give i(p).
8
Let i(a) = -2*a**2 - 3*a. Let z(r) = -5*r**2 - 7*r. Let f(v) = -7*i(v) + 3*z(v). Let q(l) = 13*l**2 + 1. Let o(y) = 3*f(y) + q(y). Determine o(1).
11
Let o(u) = -u**3 - 6*u**2 - 5*u - 7. Suppose -7*t = -3*t + 2*f + 14, -3*f - 1 = 2*t. Determine o(t).
-7
Let f(q) be the first derivative of 2*q + 6 + 1/2*q**2. Suppose 0*o - 17 = 4*o - a, 0 = -4*o - 5*a - 35. Determine f(o).
-3
Let u(y) = -37 + 12 - y + 13. Calculate u(-5).
-7
Let b(m) be the second derivative of 5*m**3/6 - 11*m**2/2 + 366*m. Give b(6).
19
Let b(u) be the first derivative of -u**5/120 + 2*u**4/3 - 17*u**3/3 - 16. Let a(g) be the third derivative of b(g). What is a(0)?
16
Let z(g) = g**2 + 24*g - 31. Let h be z(-25). Let s(o) = o**2 + 10*o + 10. Determine s(h).
-14
Suppose -10*b = -18*b + 88. Let s(d) = -11*d + b*d + 16 + d. Calculate s(0).
16
Let q(s) = -4*s**3 + 11*s**2 - 11*s - 6. Let y(b) = b**3 + 1. Let h(a) = q(a) + 5*y(a). What is h(-12)?
-13
Let y(i) = 4*i + 10. Let h(p) = -5*p - 12. Let w(f) = 3*h(f) + 4*y(f). Let l(m) = m - 3. Let s be l(8). Calculate w(s).
9
Let i(d) = 5*d**3 - 1. Let h(p) = p**3 - 4*p**2 - 5*p + 1. Let k be h(5). Let u be i(k). Suppose -3*b = -19 + u. Let n(w) = -w - 1. Determine n(b).
-6
Let h(r) = 7*r - 2. Let o(i) = -i + 1. Let u(v) = -v + 15. Let q be u(9). Let l(s) = q*o(s) + h(s). Determine l(-4).
0
Let i(v) be the second derivative of -v**7/840 + v**6/360 + v**5/120 + 5*v**4/12 - 14*v**3/3 - 33*v. Let t(z) be the second derivative of i(z). Give t(0).
10
Let w(g) = g**3 + 4*g**2 + 5*g + 3. Let b(l) = l**3 + 18*l**2 - 18*l + 22. Let a be b(-19). Let i be ((-3)/5)/(a/15). Calculate w(i).
-3
Suppose -2 = 5*d - 27, 0 = -r + 4*d - 28. Let s(p) = p**2 + 7*p - 5. Determine s(r).
3
Let w(a) = -a + 3*a - 7 + 7*a**2 - a**3 - 8*a. Suppose 0 = 9*x + n - 58, -4*x = -8*x + 5*n + 4. Calculate w(x).
-7
Let d(m) = 39 + 837*m - m**2 - 36 - 835*m. Calculate d(3).
0
Let f(c) = -c - 4. Let m be 38/95 + ((-12)/(-10))/2. Let w be -2 + m + (-6)/(1 - -2). Calculate f(w).
-1
Let r = -85 - -88. Suppose 2*c + 3 = 5. Let v be -1 - (c + (r - 6)). Let o(a) = 5*a**3 + 2*a**2 - 2*a + 1. Determine o(v).
6
Let m be (561/(-34))/((-6)/4). Let l(g) = g - 16. Calculate l(m).
-5
Let c(n) = -5*n**2 - 16*n - 16. Let o(l) = -l**2 - 3*l - 3. Let z(v) = -2*c(v) + 11*o(v). Suppose a - 3*k + 10 = 0, 2*k = -a + 5*a. What is z(a)?
-7
Let r(g) = -g**3 - 10*g**2 + 11*g - 3. Let f = -1528 - -1517. Give r(f).
-3
Let g(h) = 3*h + 1. Let u be g(-2). Let y(f) = -67*f**2 - 63*f**2 + 129*f**2 + 1 - 5*f. Give y(u).
1
Suppose i + 93 = g, 0*g + 3*g = -9. Let k = i - -99. Let a(z) = -2*z**2 + 3*z**2 + z - z**3 + z**2. What is a(k)?
-6
Let t(z) be the first derivative of -3*z**2 - 4*z + 89. Determine t(-3).
14
Let i(g) = -8*g - 2 - 4*g + 18*g - 7*g. Determine i(-5).
3
Let n(z) be the third derivative of z**5/60 - 5*z**4/24 + z**2. Let i(y) = 6*y - 13. Suppose 87*l - 81*l = 18. Let q be i(l). What is n(q)?
0
Let s(h) = -10*h - 182. Let m be s(-18). Let w(p) be the second derivative of p**4/6 + p**3/3 + 3*p**2/2 - 9*p. What is w(m)?
7
Suppose -2*g = -4*p + 2, 5*p + 8 = 3*g + 13. Let n(t) be the second derivative of t**5/20 + t**4/3 - t**2/2 - t. Calculate n(p).
7
Let d(x) be the first derivative of -x**3/3 + 11*x**2/2 - 10*x + 103. Calculate d(8).
14
Let v(h) = h**2 - 6*h + 8. Suppose -52*c - 161 = -75*c. Calculate v(c).
15
Let i(a) = a**3 - 4. Suppose 0 = -5*q - o + 8, -3*o = 2*q + 2. Let h(d) = -d**q - 5 + 1 - 6*d + 2*d + 0*d. Let k be h(-2). Give i(k).
-4
Suppose 13*z + 15 = 8*z. Suppose 0 = -4*k + 7 + 9. Let w(q) = 2*q**2 + 3*q + 2. Let y(i) = 3*i**2 + 2*i + 3. Let v(j) = k*w(j) + z*y(j). Calculate v(3).
8
Let x(r) = r + 8. Let t(l) = -3*l - 36. Let d be t(-12). Suppose -5*w + 0*w - 35 = d. Give x(w).
1
Let t(i) = 5*i + 6. Let b(r) = r + 12. Let j be b(-10). Suppose 5*c = -l + 9, 4*l - 3 = j*l - 5*c. Let d be (l/5)/(6/20). Calculate t(d).
-14
Let r = 1 - 1. Let o = 121 - 121. Let g(p) = 15*p**3 + o*p + 4*p + 2 - 14*p**3 - 3*p - p**2. What is g(r)?
2
Let z(x) = -x**3 - 7*x**2 + 8*x - 6. Suppose 0 = -b - 0*b + 10. Suppose -b = 2*w + 6. Give z(w).
-6
Let b(s) = 5*s**2 + 2*s - 1. Let d be ((-78)/(-104))/(2/200). Let i = -74 + d. Calculate b(i).
6
Let v(i) = i**3 + 8*i**2 + 5*i + 8. Let o = 194 - 201. Determine v(o).
22
Suppose -5*f + 3*f + 60 = 0. Let l = f + -35. Let w(z) = -4*z - 5. Let a(i) = -7*i - 9. Let j(t) = -3*a(t) + 5*w(t). Give j(l).
-3
Suppose -2*q = -5*q + 42. Suppose -11*f = 8 + q. Let o(n) = -3 + 4*n**2 + 0 + 4*n + 5. What is o(f)?
10
Suppose -2*l = -3*j + l, 4*l = 20. Let r(i) = 2*i**3 - i**3 - 4*i - 4*i**2 + 0*i - 7. Determine r(j).
-2
Let v(w) = 10*w + 21. Let m(k) = 18*k + 37. Let n(b) = -4*m(b) + 7*v(b). Give n(2).
-5
Let j(t) = t**2 + 20*t - 64. Let q be j(-23). Let a(s) be the third derivative of 0 + 6*s**2 + 0*s - 1/60*s**q + 0*s**3 - 1/8*s**4. Calculate a(-5).
-10
Let o(i) = -i**2 - i - 4. Suppose -7*r + 36 = -4*r. Suppose -d - 4*v = r, v = 4*d - 0*v - 3. Suppose d = 2*u + 5*t + 15, u - 5*t = -0*u + 15. Determine o(u).
-4
Let o(s) = 2*s + s**3 - 119 - 3*s - 6*s**2 + 127. Let k(r) = 5*r**3 + r**2 - r + 1. Let g be k(1). Determine o(g).
2
Suppose -26*y = -32*y - 54. Let n(j) = j + 6. Calculate n(y).
-3
Let x = 23 + -51. Let b = -25 - x. Let q(a) = a**2 - 2*a**2 + 0*a + 4*a. Determine q(b).
3
Let g(q) = 486 - 493 + 3*q**2 + 0*q**2 - 6*q - 2*q**2. Determine g(6).
-7
Suppose 0 = -17*k + 22*k - 195. Let t(g) = -37 + 74 - k + 2*g**3 - g + 2*g**2. Let o(u) = -u - 4. Let s be o(-2). Determine t(s).
-8
Let p = -357 - -361. Let b(u) be the second derivative of -3*u**2 - 1/20*u**5 + 0 + 2*u + 0*u**3 + 0*u**p. Give b(0).
-6
Let w(x) = 24*x**3 - x**2 - 25*x - 14. Let r(t) = -11*t**3 + t**2 + 12*t + 7. Let i(a) = -13*r(a) - 6*w(a). Let c = 11 - 17. What is i(c)?
-7
Let c(s) = -s - 5. Let z = 502 - 494. Give c(z).
-13
Let n = -423 + 420. Let l(w) = w**3 + 4*w**2 + 4*w + 1. Calculate l(n).
-2
Let s(i) = -5*i - 1. Let c be (8/6)/(-4 + (-70)/(-15)). Suppose c - 17 = 5*k. Give s(k).
14
Let r(b) = -13 + b + 39*b**2 + 13 - 52*b**2. Give r(-1).
-14
Let w(s) = -s**2 - 9*s + 4. Suppose 5*r = -3*a - 61 + 12, 31 = -3*r - a. What is w(r)?
-18
Let u = -65 - -32. Let g = -30 - u. Let f(z) = -3*z**3 + z**2 - 4*z - 4. Let x(l) = -13*l**3 + 3*l**2 - 17*l - 16. Let t(r) = 9*f(r) - 2*x(r). Calculate t(g).
-10
Let i(z) be the first derivative of -z**4/4 + 3*z**3 + 3*z**2 - 7*z - 66. Determine i(9).
47
Let w(a) = -a**2 - 10*a + 29. Let o be w(-12). Suppose 8 = -l + 2*r, -l + o*r - 33 = -5*l. Let i(t) = -7*t + 3. Calculate i(l).
-11
Let y(r) = r**3 + 6*r**2 + 5. Let v be y(-5). Let d = v - 36. Let u(o) = -3*o - 7. Calculate u(d).
11
Let x(w) = w**2 - 2*w + 2. Suppose 0 = 2*f + 2*c - 38, -5*f + 24 + 75 = c. Let g be (-2 + 48/f)*-5. Let s be 19/5 + g/(-10). What is x(s)?
10
Let z(u) be the second derivative of u**7/840 - u**6/90 - u**5/60 + 5*u**4/24 - 13*u**3/6 - 6*u. Let p(d) be the second derivative of z(d). Give p(4).
-3
Let u(v) = 5*v**2 - 3*v**2 - 5*v + 18*v**3 - 17*v**3 + 10 - 7. What is u(-4)?
-9
Let k(n) = n**2 - 8*n + 2. Let i be k(7). Let v be (-92)/(-8) - i/(-10). Let l(d) = v*d + 2*d**2 - d**2 - 18*d + 5. Determine l(6).
-1
Let i(r) be the third derivative of r**5/60 - r**4/24 - r**3/6 + r**2. Let d(n) = -4 + 16 + 0*n - 2*n + 3*n. Let s be d(-9). What is i(s)?
5
Let s(j) = -j**2 - 3*j - 1. Let x be s(-5). Let n(d) = d + 2. Let b be n(x). Let v = b - -13. Let y(w) = w**2 - 3*w - 5. Ca